1. What is the highest common divisor of a and w?
25
Let h = 2 + 2. Suppose h = -4*z + 12. Let u be z + (1 - (-2 + 3)). What is the highest common divisor of u and 12?
2
Suppose 3*q - 6*q - 162 = 0. Let z be q/(-4)*(-2 - -4). What is the greatest common divisor of 3 and z?
3
Suppose -32*h + 36*h = 616. What is the greatest common divisor of h and 14?
14
Let h be (2 + 21)*(-6)/(-2). Suppose -4*d - 4*u - u + 5 = 0, -5*u + 5 = -2*d. Suppose -4*s + 573 - h = d. Calculate the highest common factor of s and 14.
14
Let v(m) = 2*m**2 + 3*m - 1. Let h be v(3). Suppose 3*j = -4*u + 12, 4*j + 6*u - h = 4*u. Calculate the highest common factor of j and 8.
8
Let o(d) = 5*d**2 + 6*d - 12. Let r be o(5). What is the highest common divisor of 13 and r?
13
Let p(f) = f**2 - 4*f + 2. Let z be p(4). Let u = 3 - z. Let m = u - -14. Calculate the highest common divisor of m and 10.
5
Let j be 2/(-3 - 115/(-35)). Suppose 2 = -2*w + 128. What is the highest common divisor of j and w?
7
Suppose -2*d + 76 = 42. Calculate the greatest common factor of 153 and d.
17
Let z be 4/10 + -2 + (-415)/(-25). What is the highest common divisor of 10 and z?
5
Suppose 68*z = 69*z - 28. Calculate the highest common divisor of z and 14.
14
Let s(m) = 7*m + 1. Let c be 4/6 - 3/(-9). Let f be s(c). Let o be -1 + (1 - -1) - 0. Calculate the greatest common factor of f and o.
1
Let x be ((-170)/51)/((-4)/30). Suppose 390 = 5*a - 5*v, a + a + 2*v = 144. Calculate the greatest common divisor of a and x.
25
Suppose 0 = h - 2*h. Suppose h = 10*v - 7*v - 297. What is the highest common divisor of v and 9?
9
Suppose 0 = -35*a + 32*a + 225. Calculate the greatest common divisor of a and 50.
25
Let x be -8*(2 - (-5)/(-2)). Let i = 0 - -4. Suppose -i*u - w = 4*w - 20, u + x*w = 5. Calculate the greatest common factor of 5 and u.
5
Let d be (-5)/2*(-12)/15. Let t = -107 - -188. Suppose -r = d*r - t. Calculate the highest common factor of 9 and r.
9
Suppose t - 1024 = -7*t. Calculate the highest common factor of t and 16.
16
Let q(h) = 3*h**2 - 7*h + 4. Let f be q(6). Suppose 3*b - 2*a - 24 = a, 2*b + 5*a - 9 = 0. What is the highest common factor of b and f?
7
Let x be (-7)/(-4)*-14*-6. Let s = -84 + x. Calculate the highest common factor of s and 9.
9
Suppose 0 = g + 16 - 5. Let k = -9 - g. What is the greatest common divisor of k and 5?
1
Suppose -h + 45 = -0*h + s, 4*h - s = 155. Calculate the highest common divisor of 20 and h.
20
Suppose -k + 4*m = k, 0 = -4*k - m + 18. Let i be (1 - k)*-2 - 1. Let z(r) = -3*r - 8. Let c be z(-6). What is the greatest common factor of i and c?
5
Let w(q) = q**2 - 2. Let s be w(2). Suppose -4*l - 5 = s*r + 23, 4*r = -3*l - 36. Let h be -2*(21/r + 0). What is the greatest common divisor of h and 35?
7
Let n(w) = w - 2. Let j be n(2). Suppose 5 = 5*m - 0*m. Suppose j = k + m - 17. Calculate the highest common factor of k and 24.
8
Suppose -2*m + 28 = -8. Let v = -8 - -17. What is the highest common divisor of v and m?
9
Suppose 2*s + 15 = -5. Let g = s - -16. Let j be (-36)/(-10) + (-2)/(-5). Calculate the highest common factor of j and g.
2
Let l(j) = -j**2 - 6*j - 5. Let d be l(-4). Calculate the highest common factor of d and 27.
3
Suppose 0 = -0*l - 3*l + 6. Let h = l + 0. Suppose -3*x + 120 = h*x. What is the highest common divisor of x and 16?
8
Let g = 7 + 0. Let a = g - -19. Let f = a - 10. What is the greatest common divisor of f and 40?
8
Let f(r) = 2*r**2 - 8*r + 8. Let z be f(6). Calculate the highest common divisor of z and 16.
16
Let y = -22 - -35. Calculate the highest common factor of 104 and y.
13
Suppose -323 = -2*r + 2*d + d, 4*d - 156 = -r. Calculate the greatest common divisor of 16 and r.
16
Let a = 3 - -1. Let i = 21 + -1. What is the highest common divisor of i and a?
4
Let f be -6*((-616)/3)/7. What is the highest common factor of 22 and f?
22
Let k be (5/1)/(2/(-4)). Suppose -3 = 3*l, -5*l + 2 - 1 = t. Let x be 195/k*(-8)/t. Calculate the greatest common divisor of x and 39.
13
Suppose 5*d = 6*d - 200. Suppose -2*w + 5*w = 0. Suppose -4*l = -w*l - d. Calculate the greatest common factor of l and 20.
10
Suppose 0 = 15*q - 16*q + 6. What is the greatest common factor of 3 and q?
3
Let u be 110*((-4)/(-24)*3 - -1). What is the greatest common divisor of u and 33?
33
Let w = -9 - -54. Suppose -5*y = 5*f - 100, -5*f + 18 = -3*y + 62. Calculate the highest common divisor of w and y.
9
Let y(r) = -r**3 - 3*r**2 - 2*r - 3. Let i be y(-3). Let v be (-2 - 0)/((-6)/9). Suppose -v*s + 6 = -i. What is the highest common factor of s and 1?
1
Let r(j) = -5*j + 209. Let k be r(0). Calculate the greatest common divisor of k and 19.
19
Let p = -9 + 95. Suppose v = p - 23. What is the greatest common divisor of 7 and v?
7
Suppose 4*n - 267 = 381. Suppose 3*o + 4*l - 50 = 0, -5*o + l + 145 = 54. What is the highest common factor of n and o?
18
Let r(u) = -2*u + 12. Let z be r(5). Calculate the greatest common divisor of 10 and z.
2
Suppose -4 = 3*m - 58. Suppose -v - 119 = -3*n, 5*n - 4*v - 178 - m = 0. Calculate the highest common factor of n and 20.
20
Suppose -2*r - r + 231 = 0. Suppose -4*o + 15 + r = 0. Calculate the greatest common factor of o and 184.
23
Let n = 20 - 12. Let x be (-6)/(-4) + 770/20. What is the greatest common divisor of x and n?
8
Suppose 3*h - 5*h = -206. Suppose -h - 5 = -4*w. Let v be (-1 + 17 + 2)/(3/36). Calculate the greatest common factor of v and w.
27
Suppose 3*r = 2*b + 13, -2*b + 12 = 2*r - 10. Let o be ((-7)/1)/(4/(-4)). What is the highest common divisor of r and o?
7
Suppose -3*p = c - 9, p + 15 = 5*c - 30. Suppose -b - 2*b = -c. Suppose z = -4*g - b - 2, -3*g - 15 = 0. Calculate the greatest common divisor of 105 and z.
15
Suppose -3*h = 6 - 21. What is the greatest common factor of 10 and h?
5
Let i(u) = -3*u**2 + 0 + 2 + 2*u**3 + 0*u**2. Let n be i(2). Calculate the greatest common factor of 6 and n.
6
Let m = 21 + -14. Suppose -3*z + m = -5. Suppose 0 = z*d + l - 477, 5*d = 3*l - 231 + 840. What is the highest common divisor of d and 15?
15
Let u(o) = -o**2 + 14*o - 7. Let f be u(11). Let h be (-10)/(-2 + 48/f). Suppose h = -0*j + j. What is the greatest common divisor of 13 and j?
13
Suppose -6*j = -j + 10. Let z be (-380)/j - (-6 + 9). Calculate the greatest common divisor of z and 17.
17
Let h = 57 + -55. Let p(v) = -v - 5. Let f be p(-7). What is the greatest common divisor of f and h?
2
Let q be ((-54)/15)/((-4)/10). Let h be (0 - -2)*1/2. Calculate the highest common divisor of q and h.
1
Suppose 7*r = 4*r + 4*p + 125, -4*r - 2*p + 152 = 0. What is the highest common divisor of r and 13?
13
Suppose -2*r - 3 = -11. Let h(o) = o - 6. Let m be h(10). What is the highest common factor of r and m?
4
Suppose -5*i + 0*i + 60 = 0. Suppose 3*m - 4*d = 7*m - 20, 2*d - 34 = -5*m. Calculate the highest common factor of m and i.
4
Let v(p) = -4 + p**2 - 5*p + 4. Let a be v(6). What is the highest common factor of 6 and a?
6
Suppose a = -4*a + 20. Let g(r) = r**3 + 8*r**2 + 6*r - 8. Let x be g(-6). What is the highest common divisor of x and a?
4
Let h = 62 + -38. Suppose 9*r - 5 = 4*r. Let z be (1/((-3)/(-9)))/r. Calculate the highest common factor of h and z.
3
Let d = -109 - -169. Suppose 9 - 57 = -4*v. Calculate the greatest common factor of v and d.
12
Suppose -4*w - i = -27, -6 = -3*w + 3*i + i. Suppose w*r = r + 195. What is the greatest common factor of r and 13?
13
Let d = 72 + -70. Let z(w) = 3*w - 6. Let y be z(4). Suppose 2*c - r - y = 0, -c + 3*r = 1 - 4. What is the greatest common factor of c and d?
1
Suppose -g - g - 220 = 5*c, 3*c - 4*g = -106. Let a = c - -75. Calculate the highest common divisor of 11 and a.
11
Suppose 539 = -2*f + 9*f. Calculate the greatest common factor of 11 and f.
11
Suppose 5*p = j - 28, j - 2*p = -j + 16. Let c(u) = 6*u - 4. Let z be c(j). What is the highest common factor of 112 and z?
14
Suppose -4*f + 3*l + 8 = 0, -5*f - l = -2 - 8. Suppose -171 = s - f*s. Calculate the greatest common divisor of 19 and s.
19
Let g(l) = -l**2 - 2*l. Let a be g(-1). Let u be (a - 0/(-1)) + -189. Let m = -90 - u. What is the highest common divisor of m and 14?
14
Suppose 0 = -h + 8 + 3. Suppose 3*o - 1251 + 108 = 0. Suppose -9 = 3*l, -2*a = -6*a - 5*l + o. Calculate the highest common fact